9
What is the highest common factor of 6906 and 40?
2
What is the highest common factor of 158508 and 8177?
629
Calculate the highest common factor of 5654 and 50688.
22
What is the greatest common factor of 576403 and 4807?
437
What is the highest common divisor of 1419831 and 217?
217
Calculate the greatest common factor of 356 and 3445724.
356
What is the greatest common divisor of 220 and 35750?
110
What is the highest common factor of 259329 and 6?
3
Calculate the highest common divisor of 18615 and 11607.
219
Calculate the greatest common factor of 2439 and 5149.
271
What is the greatest common divisor of 52080 and 444?
12
What is the highest common factor of 195217 and 11?
11
What is the highest common divisor of 861 and 1491?
21
What is the greatest common divisor of 68178 and 198?
66
What is the highest common divisor of 81928 and 518?
14
What is the greatest common factor of 108113 and 73?
73
Calculate the greatest common divisor of 1054 and 35278.
62
What is the greatest common factor of 222703 and 429?
13
What is the greatest common factor of 127900 and 100?
100
Calculate the highest common factor of 191356 and 32.
4
What is the greatest common factor of 7453 and 116?
29
What is the greatest common factor of 56792 and 16?
8
Calculate the highest common divisor of 4024 and 88.
8
Calculate the highest common divisor of 670 and 7839.
67
What is the greatest common divisor of 212 and 6784?
212
Calculate the greatest common divisor of 1428 and 690676.
476
What is the greatest common divisor of 416528 and 48?
16
Calculate the greatest common divisor of 16456 and 4664.
88
What is the highest common divisor of 78 and 42318?
6
What is the highest common factor of 1095 and 6915?
15
What is the greatest common divisor of 9807 and 18060?
21
What is the greatest common divisor of 320 and 240?
80
What is the highest common factor of 26916 and 12?
12
Calculate the greatest common factor of 5567 and 418.
19
What is the highest common factor of 108 and 502497?
27
What is the highest common factor of 1328 and 3071?
83
What is the highest common factor of 58284 and 19332?
36
What is the greatest common divisor of 424426 and 822?
274
What is the greatest common divisor of 1932 and 1036?
28
Calculate the greatest common factor of 26639 and 1173.
17
What is the greatest common factor of 1120 and 2344832?
224
What is the greatest common divisor of 8325 and 10323?
333
What is the highest common factor of 502 and 12550?
502
What is the greatest common factor of 281656 and 152?
152
Calculate the greatest common factor of 6944672 and 3612.
1204
What is the greatest common divisor of 6924 and 80?
4
Calculate the greatest common divisor of 26312 and 57178.
506
Calculate the greatest common factor of 5487 and 99651.
177
What is the highest common divisor of 212 and 475940?
212
Calculate the highest common divisor of 158112 and 128.
32
What is the greatest common factor of 3640332 and 12?
12
What is the greatest common factor of 58 and 475368?
58
Calculate the greatest common divisor of 481 and 36445.
37
Calculate the greatest common factor of 56 and 1294552.
56
What is the highest common divisor of 8896 and 512?
64
Calculate the highest common divisor of 56 and 118468.
28
What is the greatest common factor of 584 and 52706?
146
What is the highest common factor of 5831 and 21609?
343
What is the highest common factor of 1269464 and 336?
56
What is the highest common divisor of 481 and 92796?
37
Calculate the highest common factor of 5085 and 99.
9
What is the highest common factor of 34 and 235841?
17
Calculate the highest common divisor of 3654 and 41586.
174
Calculate the greatest common factor of 1280 and 948.
4
What is the highest common divisor of 45600 and 361?
19
What is the highest common divisor of 4533750 and 155?
155
Calculate the highest common divisor of 75900 and 264.
132
What is the highest common divisor of 78105 and 31980?
615
Calculate the greatest common divisor of 1313387 and 659.
659
Calculate the greatest common factor of 2698 and 133.
19
What is the highest common divisor of 40734 and 806?
62
Calculate the highest common factor of 61668 and 12.
12
Calculate the highest common factor of 26 and 24869.
13
What is the greatest common factor of 3808213 and 503?
503
What is the greatest common factor of 100 and 99980?
20
What is the highest common factor of 1078423 and 58?
29
What is the highest common divisor of 4404 and 12?
12
What is the greatest common divisor of 1686 and 17250?
6
Calculate the greatest common divisor of 168 and 71988.
84
What is the highest common factor of 1392 and 20184?
696
Calculate the greatest common divisor of 601648 and 992.
496
Calculate the greatest common divisor of 102 and 709818.
102
Calculate the highest common divisor of 3054416 and 16.
16
Calculate the highest common divisor of 10121166 and 99.
99
What is the highest common divisor of 8413432 and 424?
424
What is the highest common divisor of 51 and 8331207?
51
Calculate the highest common divisor of 26450 and 31211.
529
What is the greatest common factor of 3939 and 2424?
303
What is the greatest common factor of 14301 and 1665?
9
What is the greatest common divisor of 7859712 and 86?
86
Calculate the greatest common factor of 459 and 2295.
459
Calculate the greatest common divisor of 11661 and 52923.
897
Calculate the highest common factor of 429243 and 51049.
719
Calculate the highest common divisor of 930 and 169880.
310
Calculate the greatest common divisor of 8856 and 17631.
27
What is the highest common divisor of 5511 and 8481?
33
What is the highest common divisor of 481 and 2776813?
481
What is the highest common divisor of 5999835 and 15?
15
Calculate the greatest common divisor of 50464 and 76.
76
What is the highest common factor of 1577 and 10624?
83
What is the highest common divisor of 433 and 1280381?
433
Calculate the highest common factor of 3354 and 234.
78
What is the greatest common factor of 11538 and 132?
6
Calculate the greatest common divisor of 624 and 17256.
24
What is the highest common divisor of 4953 and 555879?
381
What is the highest common divisor of 19095 and 3135?
285
Calculate the highest common factor of 464 and 145.
29
What is the greatest common factor of 846 and 4459266?
846
What is the highest common divisor of 759 and 455653?
253
Calculate the highest common factor of 193 and 3818119.
193
Calculate the highest common divisor of 378963 and 351.
117
What is the highest common divisor of 307217 and 142?
71
Calculate the highest common factor of 5800 and 1600.
200
Calculate the greatest common factor of 216699 and 357.
357
What is the greatest common factor of 1933734 and 498?
498
What is the greatest common factor of 5040 and 42624?
144
What is the highest common divisor of 42136 and 188?
4
What is the highest common factor of 603 and 139437?
9
What is the highest common divisor of 63434 and 5474?
322
Calculate the highest common factor of 4183 and 38359.
89
Calculate the highest common divisor of 1353 and 141163.
451
What is the greatest common divisor of 257388 and 6?
6
Calculate the highest common divisor of 1921 and 18419.
113
What is the highest common divisor of 38973 and 1023?
33
Calculate the highest common factor of 3454 and 55.
11
What is the highest common divisor of 228 and 106404?
12
What is the greatest common factor of 96 and 492384?
96
What is the greatest common divisor of 890235 and 730?
365
Calculate the greatest common divisor of 59814 and 258.
6
What is the highest common divisor of 218 and 116303?
109
Calculate the greatest common divisor of 1572 and 59605.
131
What is the highest common divisor of 895849 and 17?
17
What is the greatest common divisor of 373395 and 33?
33
What is the greatest common divisor of 98 and 660912?
98
What is the greatest common divisor of 54552 and 1380?
12
Calculate the highest common divisor of 243096 and 504.
168
What is the greatest common divisor of 46 and 1292761?
23
What is the greatest common divisor of 8239 and 388410?
1177
What is the highest common factor of 715 and 14960?
55
What is the highest common factor of 308 and 7799?
11
Calculate the highest common factor of 228 and 351468.
12
What is the greatest common factor of 806 and 355849?
403
Calculate 